{"id":8,"date":"2025-05-22T07:54:31","date_gmt":"2025-05-22T05:54:31","guid":{"rendered":"http:\/\/hosting1939560.online.pro\/public_html\/wp_pm5\/?page_id=8"},"modified":"2025-09-06T14:55:19","modified_gmt":"2025-09-06T12:55:19","slug":"nasza-kadra","status":"publish","type":"page","link":"https:\/\/zsp5gliwice.pl\/pm5_wp\/nasza-kadra\/","title":{"rendered":"Nasza kadra"},"content":{"rendered":"\t\t<div data-elementor-type=\"wp-page\" data-elementor-id=\"8\" class=\"elementor elementor-8\">\n\t\t\t\t<div class=\"elementor-element elementor-element-5c461450 e-flex e-con-boxed e-con e-parent\" data-id=\"5c461450\" data-element_type=\"container\" data-e-type=\"container\">\n\t\t\t\t\t<div class=\"e-con-inner\">\n\t\t\t\t<div class=\"elementor-element elementor-element-5427ac81 elementor-widget elementor-widget-text-editor\" data-id=\"5427ac81\" data-element_type=\"widget\" data-e-type=\"widget\" data-widget_type=\"text-editor.default\">\n\t\t\t\t<div class=\"elementor-widget-container\">\n\t\t\t\t\t\t\t\t\t\n<h2 class=\"wp-block-heading has-text-align-center\"><strong>PRZEDSZKOLE MIEJSKIE NR 5 \u201eT\u0118CZA\u201d<\/strong><\/h2>\n\n<p class=\"has-text-align-center\"><strong>PRACOWNICY PEDAGOGICZNI <\/strong><strong>ZSP5 GLIWICE<\/strong><\/p>\n\n<ol>\n<li><strong>Anna Wcis\u0142o &#8211; wicedyrektor<\/strong><\/li>\n<li>Edyta Hajduk<\/li>\n<li>Katarzyna Sk\u0142odowska<\/li>\n<li>Krzysztof Nowak<\/li>\n<li>Aleksandra Rak<\/li>\n<li>Dagmara Kozaczka<\/li>\n<li>Kamila Janicka<\/li>\n<li>Anna Szymczyk<\/li>\n<li>Dominika Madej<\/li>\n<li>Agnieszka Mika<\/li>\n<li>Kornelia Frey<\/li>\n<li>Dominika Zaj\u0105c<\/li>\n<li>Agata Kozdro\u0144<\/li>\n<li>Anna S\u0142omka<\/li>\n<li>Patrycja Wr\u00f3bel<\/li>\n<li>Joanna S\u0142odkowska<\/li>\n<li>Kazimiera Biel<\/li>\n<li>Katarzyna Bochon<\/li>\n<li>Justyna Niewiadomy<\/li>\n<li>Patrycja Biel-Waltrowska<\/li>\n<li>Agnieszka Sta\u0144czyk<\/li>\n<li>Katarzyna Toborek<\/li>\n<li>Agnieszka Fiok<\/li>\n<li>Monika Kordek<\/li>\n<li>Aleksandra Durczok -Ogonek<\/li>\n<li>Agnieszka Teper.<\/li>\n<\/ol>\n\t\t\t\t\t\t\t\t<\/div>\n\t\t\t\t<\/div>\n\t\t\t\t\t<\/div>\n\t\t\t\t<\/div>\n\t\t\t\t<\/div>\n\t\t","protected":false},"excerpt":{"rendered":"<p>PRZEDSZKOLE MIEJSKIE NR 5 \u201eT\u0118CZA\u201d PRACOWNICY PEDAGOGICZNI ZSP5 GLIWICE Anna Wcis\u0142o &#8211; wicedyrektor Edyta Hajduk Katarzyna Sk\u0142odowska Krzysztof Nowak Aleksandra Rak Dagmara Kozaczka Kamila Janicka Anna Szymczyk Dominika Madej Agnieszka Mika Kornelia Frey Dominika Zaj\u0105c Agata Kozdro\u0144 Anna S\u0142omka Patrycja Wr\u00f3bel Joanna S\u0142odkowska Kazimiera Biel Katarzyna Bochon Justyna Niewiadomy Patrycja Biel-Waltrowska Agnieszka Sta\u0144czyk Katarzyna Toborek [&hellip;]<\/p>\n","protected":false},"author":3,"featured_media":127,"parent":0,"menu_order":0,"comment_status":"closed","ping_status":"closed","template":"","meta":{"postBodyCss":"","postBodyMargin":[],"postBodyPadding":[],"postBodyBackground":{"backgroundType":"classic","gradient":""},"ngg_post_thumbnail":0,"footnotes":""},"class_list":["post-8","page","type-page","status-publish","has-post-thumbnail","hentry"],"_links":{"self":[{"href":"https:\/\/zsp5gliwice.pl\/pm5_wp\/wp-json\/wp\/v2\/pages\/8","targetHints":{"allow":["GET"]}}],"collection":[{"href":"https:\/\/zsp5gliwice.pl\/pm5_wp\/wp-json\/wp\/v2\/pages"}],"about":[{"href":"https:\/\/zsp5gliwice.pl\/pm5_wp\/wp-json\/wp\/v2\/types\/page"}],"author":[{"embeddable":true,"href":"https:\/\/zsp5gliwice.pl\/pm5_wp\/wp-json\/wp\/v2\/users\/3"}],"replies":[{"embeddable":true,"href":"https:\/\/zsp5gliwice.pl\/pm5_wp\/wp-json\/wp\/v2\/comments?post=8"}],"version-history":[{"count":8,"href":"https:\/\/zsp5gliwice.pl\/pm5_wp\/wp-json\/wp\/v2\/pages\/8\/revisions"}],"predecessor-version":[{"id":1133,"href":"https:\/\/zsp5gliwice.pl\/pm5_wp\/wp-json\/wp\/v2\/pages\/8\/revisions\/1133"}],"wp:featuredmedia":[{"embeddable":true,"href":"https:\/\/zsp5gliwice.pl\/pm5_wp\/wp-json\/wp\/v2\/media\/127"}],"wp:attachment":[{"href":"https:\/\/zsp5gliwice.pl\/pm5_wp\/wp-json\/wp\/v2\/media?parent=8"}],"curies":[{"name":"wp","href":"https:\/\/api.w.org\/{rel}","templated":true}]}}

<div data-elementor-type="wp-page" data-elementor-id="8" class="elementor elementor-8">
				<div class="elementor-element elementor-element-5c461450 e-flex e-con-boxed e-con e-parent" data-id="5c461450" data-element_type="container" data-e-type="container">
					<div class="e-con-inner">
				<div class="elementor-element elementor-element-5427ac81 elementor-widget elementor-widget-text-editor" data-id="5427ac81" data-element_type="widget" data-e-type="widget" data-widget_type="text-editor.default">
				<div class="elementor-widget-container">
									
<h2 class="wp-block-heading has-text-align-center"><strong>PRZEDSZKOLE MIEJSKIE NR 5 „TĘCZA”</strong></h2>

<p class="has-text-align-center"><strong>PRACOWNICY PEDAGOGICZNI </strong><strong>ZSP5 GLIWICE</strong></p>

<ol>
<li><strong>Anna Wcisło &#8211; wicedyrektor</strong></li>
<li>Edyta Hajduk</li>
<li>Katarzyna Skłodowska</li>
<li>Krzysztof Nowak</li>
<li>Aleksandra Rak</li>
<li>Dagmara Kozaczka</li>
<li>Kamila Janicka</li>
<li>Anna Szymczyk</li>
<li>Dominika Madej</li>
<li>Agnieszka Mika</li>
<li>Kornelia Frey</li>
<li>Dominika Zając</li>
<li>Agata Kozdroń</li>
<li>Anna Słomka</li>
<li>Patrycja Wróbel</li>
<li>Joanna Słodkowska</li>
<li>Kazimiera Biel</li>
<li>Katarzyna Bochon</li>
<li>Justyna Niewiadomy</li>
<li>Patrycja Biel-Waltrowska</li>
<li>Agnieszka Stańczyk</li>
<li>Katarzyna Toborek</li>
<li>Agnieszka Fiok</li>
<li>Monika Kordek</li>
<li>Aleksandra Durczok -Ogonek</li>
<li>Agnieszka Teper.</li>
</ol>
								</div>
				</div>
					</div>
				</div>
				</div>

<p>PRZEDSZKOLE MIEJSKIE NR 5 „TĘCZA” PRACOWNICY PEDAGOGICZNI ZSP5 GLIWICE Anna Wcisło &#8211; wicedyrektor Edyta Hajduk Katarzyna Skłodowska Krzysztof Nowak Aleksandra Rak Dagmara Kozaczka Kamila Janicka Anna Szymczyk Dominika Madej Agnieszka Mika Kornelia Frey Dominika Zając Agata Kozdroń Anna Słomka Patrycja Wróbel Joanna Słodkowska Kazimiera Biel Katarzyna Bochon Justyna Niewiadomy Patrycja Biel-Waltrowska Agnieszka Stańczyk Katarzyna Toborek [&hellip;]</p>
