{"id":160,"date":"2025-05-23T11:23:34","date_gmt":"2025-05-23T09:23:34","guid":{"rendered":"https:\/\/zsp5gliwice.pl\/pm5_wp\/?page_id=160"},"modified":"2026-02-22T10:14:30","modified_gmt":"2026-02-22T09:14:30","slug":"dokumenty-pm-5","status":"publish","type":"page","link":"https:\/\/zsp5gliwice.pl\/pm5_wp\/dokumenty-pm-5\/","title":{"rendered":"Dokumenty PM 5"},"content":{"rendered":"\t\t<div data-elementor-type=\"wp-page\" data-elementor-id=\"160\" class=\"elementor elementor-160\">\n\t\t\t\t<div class=\"elementor-element elementor-element-1446893e e-flex e-con-boxed e-con e-parent\" data-id=\"1446893e\" data-element_type=\"container\" data-e-type=\"container\">\n\t\t\t\t\t<div class=\"e-con-inner\">\n\t\t\t\t<div class=\"elementor-element elementor-element-13554ddd elementor-widget elementor-widget-text-editor\" data-id=\"13554ddd\" data-element_type=\"widget\" data-e-type=\"widget\" data-widget_type=\"text-editor.default\">\n\t\t\t\t<div class=\"elementor-widget-container\">\n\t\t\t\t\t\t\t\t\t<p><span style=\"color: #ff0000; font-family: comic sans ms, sans-serif;\">\u00a0<\/span><\/p><p><span style=\"color: #ff0000; font-family: comic sans ms, sans-serif;\"><a style=\"color: #ff0000;\" href=\"https:\/\/zsp5gliwice.pl\/pm5_wp\/wp-content\/uploads\/2025\/06\/STATUT_PM5.pdf\">1. Statut PM 5 w Gliwicach<\/a><\/span><\/p><p><span style=\"color: #ff0000; font-family: comic sans ms, sans-serif;\"><a style=\"color: #ff0000;\" href=\"https:\/\/zsp5gliwice.pl\/pm5_wp\/wp-content\/uploads\/2025\/12\/Regulamin_oplaty_przedszkole_2025.pdf\">2. Regulamin w sprawie rozliczania op\u0142at za korzystanie z wychowania przedszkolnego oraz op\u0142at za korzystanie z \u017cywienia<\/a><\/span><\/p><ul><li><span style=\"color: #ff0000; font-family: comic sans ms, sans-serif;\"><a style=\"color: #ff0000;\" href=\"https:\/\/zsp5gliwice.pl\/pm5_wp\/wp-content\/uploads\/2025\/12\/Zalacznik-Nr-1.pdf\">Za\u0142\u0105cznik nr 1<\/a><\/span><\/li><li><span style=\"color: #ff0000; font-family: comic sans ms, sans-serif;\"><a style=\"color: #ff0000;\" href=\"https:\/\/zsp5gliwice.pl\/pm5_wp\/wp-content\/uploads\/2025\/12\/Zalacznik-Nr-2.pdf\">Za\u0142\u0105cznik nr 2<\/a><\/span><\/li><li><span style=\"color: #ff0000; font-family: comic sans ms, sans-serif;\"><a style=\"color: #ff0000;\" href=\"https:\/\/zsp5gliwice.pl\/pm5_wp\/wp-content\/uploads\/2025\/12\/Zalacznik-Nr-3.pdf\">Za\u0142\u0105cznik nr 3<\/a><\/span><\/li><li><span style=\"color: #ff0000; font-family: comic sans ms, sans-serif;\"><a style=\"color: #ff0000;\" href=\"https:\/\/zsp5gliwice.pl\/pm5_wp\/wp-content\/uploads\/2025\/12\/Zalacznik-Nr-4.pdf\">Za\u0142\u0105cznik nr 4<\/a><\/span><\/li><li><span style=\"color: #ff0000; font-family: comic sans ms, sans-serif;\"><a style=\"color: #ff0000;\" href=\"https:\/\/zsp5gliwice.pl\/pm5_wp\/wp-content\/uploads\/2025\/12\/Zalacznik-Nr-5.pdf\">Za\u0142\u0105cznik nr 5<\/a><\/span><\/li><li><span style=\"color: #ff0000; font-family: comic sans ms, sans-serif;\"><a style=\"color: #ff0000;\" href=\"https:\/\/zsp5gliwice.pl\/pm5_wp\/wp-content\/uploads\/2025\/12\/Zalacznik-Nr-6.pdf\">Za\u0142\u0105cznik nr 6<\/a><\/span><\/li><\/ul><p><span style=\"color: #ff0000; font-family: comic sans ms, sans-serif;\"><a style=\"color: #ff0000;\" href=\"https:\/\/zsp5gliwice.pl\/pm5_wp\/wp-content\/uploads\/2025\/06\/Procedura_Bezpieczenstwa_na_terenie_PM_5_w_okresie_Pandemii_COVID-19_w_PM_5___ZSP5_od_01.09.2020r.-min-skompresowany-1.pdf\">3. Procedura Bezpiecze\u0144stwa na terenie PM 5 w okresie Pandemii COVID-19 w PM 5 ZSP5 od 01.09.2020r.<\/a><\/span><\/p><ul><li><span style=\"color: #ff0000; font-family: comic sans ms, sans-serif;\"><a style=\"color: #ff0000;\" href=\"https:\/\/zsp5gliwice.pl\/pm5_wp\/wp-content\/uploads\/2025\/06\/KLAUZULA_INFO_COVID19-1.pdf\">Za\u0142\u0105cznik nr 3 &#8211; klauzula informacyjna.<\/a><\/span><\/li><\/ul><p><span style=\"color: #ff0000; font-family: comic sans ms, sans-serif;\"><a style=\"color: #ff0000;\" href=\"https:\/\/zsp5gliwice.pl\/pm5_wp\/wp-content\/uploads\/2025\/06\/Regulamin_w_sprawie_zasad_przyprowadzania_wychowankow_IX_2023_1_.pdf\">4. Regulamin w sprawie zasad przyprowadzania oraz odbierania wychowank\u00f3w z Przedszkola Miejskiego nr 5 w Gliwicach<\/a><\/span><\/p><p><span style=\"color: #ff0000; font-family: comic sans ms, sans-serif;\"><a style=\"color: #ff0000;\" href=\"https:\/\/zsp5gliwice.pl\/pm5_wp\/wp-content\/uploads\/2025\/06\/PROGRAM_WYCHOWAWCZY.pdf\">5. Program wychowawczy<\/a><\/span><\/p><p><span style=\"color: #ff0000; font-family: comic sans ms, sans-serif;\"><a style=\"color: #ff0000;\" href=\"https:\/\/zsp5gliwice.pl\/pm5_wp\/wp-content\/uploads\/2025\/06\/Procedury_bezpieczenstwa_w_oddzialach_przedszkolnych_2016r.pdf\">6. Procedura bezpiecze\u0144stwa w oddzia\u0142ach przedszkolnych Zespo\u0142u Szkolno-Przedszkolnego Nr 5 w Gliwicach<\/a><\/span><\/p><ul><li><span style=\"color: #ff0000; font-family: comic sans ms, sans-serif;\"><a style=\"color: #ff0000;\" href=\"https:\/\/zsp5gliwice.pl\/pm5_wp\/wp-content\/uploads\/2025\/06\/ANEKS_NR_1_DO_PROCEDURY_BEZPIECZENSTWA__W_ODDZIALACH_PRZEDSZKOLNYCH__ZSP5.pdf\">Aneks nr 1 do procedury bezpiecze\u0144stwa w oddzia\u0142ach przedszkolnych Zespo\u0142u Szkolno-Przedszkolnego Nr 5 w Gliwicach<\/a><\/span><\/li><\/ul><p><span style=\"color: #ff0000; font-family: comic sans ms, sans-serif;\"><a style=\"color: #ff0000;\" href=\"https:\/\/zsp5gliwice.pl\/pm5_wp\/wp-content\/uploads\/2025\/06\/Procedura_dot_dzialan_podejmowanych_w_sytuacjach_trudnych_zachowan_negatywnych_i_agresywnych_u_dzieci_w_PM5_w_ZSP5_w_Gliwicach2021.pdf\">7.\u00a0Procedura dot dzia\u0142a\u0144 podejmowanych w sytuacjach trudnych, zachowa\u0144 negatywnych i agresywnych u dzieci w PM5 w ZSP5 w Gliwicach<\/a><\/span><\/p><p><span style=\"color: #ff0000; font-family: comic sans ms, sans-serif;\"><a style=\"color: #ff0000;\" href=\"https:\/\/zsp5gliwice.pl\/pm5_wp\/wp-content\/uploads\/2025\/06\/procedyra_wchodzenia_osob_obcych.pdf\">8.\u00a0Procedura w sprawie przebywania os\u00f3b obcych w budynkach Zespo\u0142u Szkolno \u2013 Przedszkolnego Nr 5 w Gliwicach<\/a><\/span><\/p><p><span style=\"color: #ff0000; font-family: comic sans ms, sans-serif;\"><a style=\"color: #ff0000;\" href=\"https:\/\/zsp5gliwice.pl\/pm5_wp\/wp-content\/uploads\/2025\/06\/Uchwala_Nr_XLI.pdf\">9.\u00a0Uchwa\u0142a Nr XLI\/855\/2022 z dnia 10 listopada 2022 r. w sprawie zamiaru przekszta\u0142cenia niekt\u00f3rych szk\u00f3\u0142 podstawowych poprzez likwidacj\u0119 oddzia\u0142\u00f3w przedszkolnych<\/a><\/span><\/p><p><span style=\"color: #ff0000; font-family: comic sans ms, sans-serif;\">10. Polityka ochrony dzieci<\/span><\/p><p><span style=\"color: #ff0000; font-family: comic sans ms, sans-serif;\">Niniejszy dokument stanowi wersj\u0119 wst\u0119pn\u0105, kt\u00f3ra b\u0119dzie podlega\u0142a bie\u017c\u0105cej kontroli i ewaluacji.<\/span><\/p><ul><li><span style=\"color: #ff0000; font-family: comic sans ms, sans-serif;\"><a style=\"color: #ff0000;\" href=\"https:\/\/zsp5gliwice.pl\/pm5_wp\/wp-content\/uploads\/2025\/06\/Polityka_ochrony_dzieci_2024_r__propozycja_RD.pdf\">Polityka ochrony dzieci 2024 r propozycja rd &#8211; pdf<\/a><\/span><\/li><li><span style=\"color: #ff0000; font-family: comic sans ms, sans-serif;\"><a style=\"color: #ff0000;\" href=\"https:\/\/zsp5gliwice.pl\/pm5_wp\/wp-content\/uploads\/2025\/06\/ZASADY_UDOSTEPNIANIA_PERSONELOWI.pdf\">Zasady udostepniania personelowi do jej zaznajomienia i stosowania &#8211; pdf<\/a><\/span><\/li><li><span style=\"color: #ff0000; font-family: comic sans ms, sans-serif;\"><a style=\"color: #ff0000;\" href=\"https:\/\/zsp5gliwice.pl\/pm5_wp\/wp-content\/uploads\/2025\/06\/ZASADY_I_PROCEDURA_PODEJMOWANIA_INTERWENCJI_W_SYTUACJI_PODEJRZENIA_KRZYWDZENIA_LUB_POSIADANIA_INFORMACJI.pdf\">Zasady i procedura podejmowania interwencji w sytuacji podejrzenia krzywdzenia lub posiadania informacji &#8211; pdf<\/a><\/span><\/li><\/ul><ul><li><span style=\"color: #ff0000; font-family: comic sans ms, sans-serif;\"><a style=\"color: #ff0000;\" href=\"https:\/\/zsp5gliwice.pl\/pm5_wp\/wp-content\/uploads\/2025\/06\/ZASADY_USTALANIA_PLANU_WSPARCIA_MALOLETNIEGO_PO_UJAWNIENIU_KRZYWDZENIA.pdf\">Zasady ustalania planu wsparcia maloletniego po ujawnieniu krzywdzenia &#8211; pdf<\/a><\/span><\/li><li><span style=\"color: #ff0000; font-family: comic sans ms, sans-serif;\"><a style=\"color: #ff0000;\" href=\"https:\/\/zsp5gliwice.pl\/pm5_wp\/wp-content\/uploads\/2025\/06\/PROCEDURA_KONTROLI_PRACOWNIKOW_PRZED_DOPUSZCZENIEM_DO_PRACY_Z_MALOLETNIMI_W_ZAKRESIE_SPELNIANIA_PRZEZ_NICH_WARUNKOW_NIEKARALNOSCI_ZA_PRZESTEPSTWA_PRZECIWKO_WOLNOSCI_SEKSUALNEJ_I_OBYCZAJNOSCI.pdf\">Procedura kontroli pracownikow przed dopuszczeniem do pracy z maloletnimi w zakresie spelniania przez nich warunkow niekaralnosci za przestepstwa przeciwko wolnosci seksualnej i obyczajnosci &#8211; pdf<\/a><\/span><\/li><\/ul><ul><li><span style=\"color: #ff0000; font-family: comic sans ms, sans-serif;\"><a style=\"color: #ff0000;\" href=\"https:\/\/zsp5gliwice.pl\/pm5_wp\/wp-content\/uploads\/2025\/06\/ZASADY_ZAPEWNIAJACE_BEZPIECZNE_RELACJE_MIEDZY_MALOLETNIM_A_PERSONELEM.pdf\">Zasady zapewniajace bezpieczne relacje miedzy maloletnim a personelem &#8211; pdf<\/a><\/span><\/li><li><span style=\"color: #ff0000; font-family: comic sans ms, sans-serif;\"><a style=\"color: #ff0000;\" href=\"https:\/\/zsp5gliwice.pl\/pm5_wp\/wp-content\/uploads\/2025\/06\/PROCEDURA_SKLADANIA_ZAWIADOMIEN_O_PODEJRZENIU_POPELNIENIA_PRZESTEPSTWA_NA_SZKODE_MALOLETNIEGO_ORAZ_ZAWIADOMIENIA_SADU_OPIEKUNCZEGO.pdf\">Procedura skladania zawiadomien o podejrzeniu popelnienia przestepstwa na szkode maloletniego oraz zawiadomienia s\u0105du opiekunczego &#8211; pdf<\/a><\/span><\/li><\/ul><div><span style=\"color: #ff0000; font-family: comic sans ms, sans-serif;\"><a style=\"color: #ff0000;\" href=\"https:\/\/zsp5gliwice.pl\/pm5_wp\/wp-content\/uploads\/2025\/06\/Procedura_rekrutacji_dzieci_na_rok_szkolny_2024_2025.pdf\">11. Procedura rekrutacji dzieci na rok szkolny 2024\/2025<\/a><\/span><\/div><div><span style=\"color: #ff0000; font-family: comic sans ms, sans-serif;\"><a style=\"color: #ff0000;\" href=\"https:\/\/zsp5gliwice.pl\/pm5_wp\/wp-content\/uploads\/2025\/09\/Standardy_ochrony_maloletnich_przedszkole.pdf\">12. Standardy ochrony ma\u0142oletnich w przedszkolu miejskim nr 5 <\/a><\/span><\/div><div><span style=\"color: #ff0000; font-family: comic sans ms, sans-serif;\"><a style=\"color: #ff0000;\" href=\"https:\/\/zsp5gliwice.pl\/pm5_wp\/wp-content\/uploads\/2025\/06\/REGULAMIN_RADY_RODZICOW_PM5_11.12.2024.pdf\">13. REGULAMIN RADY RODZIC\u00d3W<\/a><\/span><\/div><div><span style=\"color: #ff0000; font-family: comic sans ms, sans-serif;\"><a style=\"color: #ff0000;\" href=\"https:\/\/zsp5gliwice.pl\/pm5_wp\/wp-content\/uploads\/2025\/12\/Instrukcja_dla_jednostek_mobilna_rejestracja_obecnosci.pdf\">14. Mobilny rejestrator obecno\u015bci &#8211; Instrukcja dla przedszkoli<\/a><\/span><\/div><div>\u00a0<\/div>\t\t\t\t\t\t\t\t<\/div>\n\t\t\t\t<\/div>\n\t\t\t\t\t<\/div>\n\t\t\t\t<\/div>\n\t\t\t\t<\/div>\n\t\t","protected":false},"excerpt":{"rendered":"<p>\u00a0 1. Statut PM 5 w Gliwicach 2. Regulamin w sprawie rozliczania op\u0142at za korzystanie z wychowania przedszkolnego oraz op\u0142at za korzystanie z \u017cywienia Za\u0142\u0105cznik nr 1 Za\u0142\u0105cznik nr 2 Za\u0142\u0105cznik nr 3 Za\u0142\u0105cznik nr 4 Za\u0142\u0105cznik nr 5 Za\u0142\u0105cznik nr 6 3. Procedura Bezpiecze\u0144stwa na terenie PM 5 w okresie Pandemii COVID-19 w PM [&hellip;]<\/p>\n","protected":false},"author":3,"featured_media":0,"parent":0,"menu_order":0,"comment_status":"closed","ping_status":"closed","template":"","meta":{"postBodyCss":"","postBodyMargin":[],"postBodyPadding":[],"postBodyBackground":{"backgroundType":"classic","gradient":""},"ngg_post_thumbnail":0,"footnotes":""},"class_list":["post-160","page","type-page","status-publish","hentry"],"_links":{"self":[{"href":"https:\/\/zsp5gliwice.pl\/pm5_wp\/wp-json\/wp\/v2\/pages\/160","targetHints":{"allow":["GET"]}}],"collection":[{"href":"https:\/\/zsp5gliwice.pl\/pm5_wp\/wp-json\/wp\/v2\/pages"}],"about":[{"href":"https:\/\/zsp5gliwice.pl\/pm5_wp\/wp-json\/wp\/v2\/types\/page"}],"author":[{"embeddable":true,"href":"https:\/\/zsp5gliwice.pl\/pm5_wp\/wp-json\/wp\/v2\/users\/3"}],"replies":[{"embeddable":true,"href":"https:\/\/zsp5gliwice.pl\/pm5_wp\/wp-json\/wp\/v2\/comments?post=160"}],"version-history":[{"count":96,"href":"https:\/\/zsp5gliwice.pl\/pm5_wp\/wp-json\/wp\/v2\/pages\/160\/revisions"}],"predecessor-version":[{"id":1516,"href":"https:\/\/zsp5gliwice.pl\/pm5_wp\/wp-json\/wp\/v2\/pages\/160\/revisions\/1516"}],"wp:attachment":[{"href":"https:\/\/zsp5gliwice.pl\/pm5_wp\/wp-json\/wp\/v2\/media?parent=160"}],"curies":[{"name":"wp","href":"https:\/\/api.w.org\/{rel}","templated":true}]}}