{"id":158,"date":"2025-05-23T11:23:11","date_gmt":"2025-05-23T09:23:11","guid":{"rendered":"https:\/\/zsp5gliwice.pl\/pm5_wp\/?page_id=158"},"modified":"2025-11-13T13:44:03","modified_gmt":"2025-11-13T12:44:03","slug":"specjalisci","status":"publish","type":"page","link":"https:\/\/zsp5gliwice.pl\/pm5_wp\/specjalisci\/","title":{"rendered":"Specjali\u015bci"},"content":{"rendered":"\t\t<div data-elementor-type=\"wp-page\" data-elementor-id=\"158\" class=\"elementor elementor-158\">\n\t\t\t\t<div class=\"elementor-element elementor-element-3d51388e e-flex e-con-boxed e-con e-parent\" data-id=\"3d51388e\" data-element_type=\"container\" data-e-type=\"container\">\n\t\t\t\t\t<div class=\"e-con-inner\">\n\t\t\t\t<div class=\"elementor-element elementor-element-af82673 elementor-widget elementor-widget-text-editor\" data-id=\"af82673\" data-element_type=\"widget\" data-e-type=\"widget\" data-widget_type=\"text-editor.default\">\n\t\t\t\t<div class=\"elementor-widget-container\">\n\t\t\t\t\t\t\t\t\t<p>\u00a0<\/p><p style=\"text-align: center;\"><img fetchpriority=\"high\" decoding=\"async\" class=\"alignnone wp-image-228\" src=\"https:\/\/zsp5gliwice.pl\/pm5_wp\/wp-content\/uploads\/2025\/05\/psycholog-pomaga-malej-dziewczynce-w-terapii-mowy-w-pomieszczeniu-300x200.jpg\" alt=\"\" width=\"449\" height=\"299\" srcset=\"https:\/\/zsp5gliwice.pl\/pm5_wp\/wp-content\/uploads\/2025\/05\/psycholog-pomaga-malej-dziewczynce-w-terapii-mowy-w-pomieszczeniu-300x200.jpg 300w, https:\/\/zsp5gliwice.pl\/pm5_wp\/wp-content\/uploads\/2025\/05\/psycholog-pomaga-malej-dziewczynce-w-terapii-mowy-w-pomieszczeniu-1024x681.jpg 1024w, https:\/\/zsp5gliwice.pl\/pm5_wp\/wp-content\/uploads\/2025\/05\/psycholog-pomaga-malej-dziewczynce-w-terapii-mowy-w-pomieszczeniu-768x511.jpg 768w, https:\/\/zsp5gliwice.pl\/pm5_wp\/wp-content\/uploads\/2025\/05\/psycholog-pomaga-malej-dziewczynce-w-terapii-mowy-w-pomieszczeniu-1536x1022.jpg 1536w, https:\/\/zsp5gliwice.pl\/pm5_wp\/wp-content\/uploads\/2025\/05\/psycholog-pomaga-malej-dziewczynce-w-terapii-mowy-w-pomieszczeniu-2048x1363.jpg 2048w\" sizes=\"(max-width: 449px) 100vw, 449px\" \/><\/p><p>\u00a0<\/p><div style=\"text-align: center;\"><span style=\"font-size: 18px;\"><strong>LOGOPEDA &#8211; <\/strong><strong>ZER\u00d3WKI<\/strong><\/span><\/div><div>\u00a0<\/div><div style=\"text-align: center;\"><strong>GODZINY PRACY:<\/strong><\/div><div style=\"text-align: center;\">Poniedzia\u0142ek 9:00 \u2013 14:00<\/div><div style=\"text-align: center;\">Czwartek 12:00 \u2013 14:00<\/div><div style=\"text-align: center;\">konsultacje dla Rodzic\u00f3w:<\/div><div style=\"text-align: center;\"><strong>Konsultacje odbywaj\u0105 si\u0119 po<\/strong><\/div><div style=\"text-align: center;\"><strong>wcze\u015bniejszym um\u00f3wieniu spotkania<\/strong><\/div><div style=\"text-align: center;\"><strong>przez dziennik elektroniczny.<\/strong><\/div><div>\u00a0<\/div><div>\u00a0<\/div><div><div style=\"text-align: center;\"><span style=\"font-size: 18px;\"><strong>LOGOPEDA &#8211; <\/strong><strong>PRZEDSZKOLE<\/strong><\/span><\/div><div>\u00a0<\/div><div style=\"text-align: center;\"><strong>GODZINY PRACY:<\/strong><\/div><div style=\"text-align: center;\">Wtorek 8:00 &#8211; 14:00<\/div><div style=\"text-align: center;\">\u015aroda 8:00 \u2013 14:00<\/div><div style=\"text-align: center;\">Czwartek 8:00 \u2013 11:30<\/div><div style=\"text-align: center;\">Pi\u0105tek 10:00 &#8211; 14:30<\/div><div style=\"text-align: center;\">konsultacje dla Rodzic\u00f3w:<\/div><div style=\"text-align: center;\"><strong>Konsultacje odbywaj\u0105 si\u0119 po<\/strong><\/div><div style=\"text-align: center;\"><strong>wcze\u015bniejszym um\u00f3wieniu spotkania<\/strong><\/div><div style=\"text-align: center;\"><strong>przez dziennik elektroniczny.<\/strong><\/div><\/div><p>\u00a0<\/p><p>\u00a0<\/p>\t\t\t\t\t\t\t\t<\/div>\n\t\t\t\t<\/div>\n\t\t\t\t\t<\/div>\n\t\t\t\t<\/div>\n\t\t\t\t<\/div>\n\t\t","protected":false},"excerpt":{"rendered":"<p>\u00a0 \u00a0 LOGOPEDA &#8211; ZER\u00d3WKI\u00a0GODZINY PRACY:Poniedzia\u0142ek 9:00 \u2013 14:00Czwartek 12:00 \u2013 14:00konsultacje dla Rodzic\u00f3w:Konsultacje odbywaj\u0105 si\u0119 powcze\u015bniejszym um\u00f3wieniu spotkaniaprzez dziennik elektroniczny.\u00a0\u00a0LOGOPEDA &#8211; PRZEDSZKOLE\u00a0GODZINY PRACY:Wtorek 8:00 &#8211; 14:00\u015aroda 8:00 \u2013 14:00Czwartek 8:00 \u2013 11:30Pi\u0105tek 10:00 &#8211; 14:30konsultacje dla Rodzic\u00f3w:Konsultacje odbywaj\u0105 si\u0119 powcze\u015bniejszym um\u00f3wieniu spotkaniaprzez dziennik elektroniczny. \u00a0 \u00a0<\/p>\n","protected":false},"author":3,"featured_media":229,"parent":0,"menu_order":0,"comment_status":"closed","ping_status":"closed","template":"","meta":{"postBodyCss":"","postBodyMargin":[],"postBodyPadding":[],"postBodyBackground":{"backgroundType":"classic","gradient":""},"ngg_post_thumbnail":0,"footnotes":""},"class_list":["post-158","page","type-page","status-publish","has-post-thumbnail","hentry"],"_links":{"self":[{"href":"https:\/\/zsp5gliwice.pl\/pm5_wp\/wp-json\/wp\/v2\/pages\/158","targetHints":{"allow":["GET"]}}],"collection":[{"href":"https:\/\/zsp5gliwice.pl\/pm5_wp\/wp-json\/wp\/v2\/pages"}],"about":[{"href":"https:\/\/zsp5gliwice.pl\/pm5_wp\/wp-json\/wp\/v2\/types\/page"}],"author":[{"embeddable":true,"href":"https:\/\/zsp5gliwice.pl\/pm5_wp\/wp-json\/wp\/v2\/users\/3"}],"replies":[{"embeddable":true,"href":"https:\/\/zsp5gliwice.pl\/pm5_wp\/wp-json\/wp\/v2\/comments?post=158"}],"version-history":[{"count":17,"href":"https:\/\/zsp5gliwice.pl\/pm5_wp\/wp-json\/wp\/v2\/pages\/158\/revisions"}],"predecessor-version":[{"id":1212,"href":"https:\/\/zsp5gliwice.pl\/pm5_wp\/wp-json\/wp\/v2\/pages\/158\/revisions\/1212"}],"wp:featuredmedia":[{"embeddable":true,"href":"https:\/\/zsp5gliwice.pl\/pm5_wp\/wp-json\/wp\/v2\/media\/229"}],"wp:attachment":[{"href":"https:\/\/zsp5gliwice.pl\/pm5_wp\/wp-json\/wp\/v2\/media?parent=158"}],"curies":[{"name":"wp","href":"https:\/\/api.w.org\/{rel}","templated":true}]}}

Specjaliści

<div data-elementor-type="wp-page" data-elementor-id="158" class="elementor elementor-158">
				<div class="elementor-element elementor-element-3d51388e e-flex e-con-boxed e-con e-parent" data-id="3d51388e" data-element_type="container" data-e-type="container">
					<div class="e-con-inner">
				<div class="elementor-element elementor-element-af82673 elementor-widget elementor-widget-text-editor" data-id="af82673" data-element_type="widget" data-e-type="widget" data-widget_type="text-editor.default">
				<div class="elementor-widget-container">
									<p> </p><p style="text-align: center;"><img fetchpriority="high" decoding="async" class="alignnone wp-image-228" src="https://zsp5gliwice.pl/pm5_wp/wp-content/uploads/2025/05/psycholog-pomaga-malej-dziewczynce-w-terapii-mowy-w-pomieszczeniu-300x200.jpg" alt="" width="449" height="299" srcset="https://zsp5gliwice.pl/pm5_wp/wp-content/uploads/2025/05/psycholog-pomaga-malej-dziewczynce-w-terapii-mowy-w-pomieszczeniu-300x200.jpg 300w, https://zsp5gliwice.pl/pm5_wp/wp-content/uploads/2025/05/psycholog-pomaga-malej-dziewczynce-w-terapii-mowy-w-pomieszczeniu-1024x681.jpg 1024w, https://zsp5gliwice.pl/pm5_wp/wp-content/uploads/2025/05/psycholog-pomaga-malej-dziewczynce-w-terapii-mowy-w-pomieszczeniu-768x511.jpg 768w, https://zsp5gliwice.pl/pm5_wp/wp-content/uploads/2025/05/psycholog-pomaga-malej-dziewczynce-w-terapii-mowy-w-pomieszczeniu-1536x1022.jpg 1536w, https://zsp5gliwice.pl/pm5_wp/wp-content/uploads/2025/05/psycholog-pomaga-malej-dziewczynce-w-terapii-mowy-w-pomieszczeniu-2048x1363.jpg 2048w" sizes="(max-width: 449px) 100vw, 449px" /></p><p> </p><div style="text-align: center;"><span style="font-size: 18px;"><strong>LOGOPEDA &#8211; </strong><strong>ZERÓWKI</strong></span></div><div> </div><div style="text-align: center;"><strong>GODZINY PRACY:</strong></div><div style="text-align: center;">Poniedziałek 9:00 – 14:00</div><div style="text-align: center;">Czwartek 12:00 – 14:00</div><div style="text-align: center;">konsultacje dla Rodziców:</div><div style="text-align: center;"><strong>Konsultacje odbywają się po</strong></div><div style="text-align: center;"><strong>wcześniejszym umówieniu spotkania</strong></div><div style="text-align: center;"><strong>przez dziennik elektroniczny.</strong></div><div> </div><div> </div><div><div style="text-align: center;"><span style="font-size: 18px;"><strong>LOGOPEDA &#8211; </strong><strong>PRZEDSZKOLE</strong></span></div><div> </div><div style="text-align: center;"><strong>GODZINY PRACY:</strong></div><div style="text-align: center;">Wtorek 8:00 &#8211; 14:00</div><div style="text-align: center;">Środa 8:00 – 14:00</div><div style="text-align: center;">Czwartek 8:00 – 11:30</div><div style="text-align: center;">Piątek 10:00 &#8211; 14:30</div><div style="text-align: center;">konsultacje dla Rodziców:</div><div style="text-align: center;"><strong>Konsultacje odbywają się po</strong></div><div style="text-align: center;"><strong>wcześniejszym umówieniu spotkania</strong></div><div style="text-align: center;"><strong>przez dziennik elektroniczny.</strong></div></div><p> </p><p> </p>								</div>
				</div>
					</div>
				</div>
				</div>

<p>    LOGOPEDA &#8211; ZERÓWKI GODZINY PRACY:Poniedziałek 9:00 – 14:00Czwartek 12:00 – 14:00konsultacje dla Rodziców:Konsultacje odbywają się powcześniejszym umówieniu spotkaniaprzez dziennik elektroniczny.  LOGOPEDA &#8211; PRZEDSZKOLE GODZINY PRACY:Wtorek 8:00 &#8211; 14:00Środa 8:00 – 14:00Czwartek 8:00 – 11:30Piątek 10:00 &#8211; 14:30konsultacje dla Rodziców:Konsultacje odbywają się powcześniejszym umówieniu spotkaniaprzez dziennik elektroniczny.    </p>
