{"id":311,"date":"2024-12-17T16:10:16","date_gmt":"2024-12-17T15:10:16","guid":{"rendered":"http:\/\/hosting1939560.online.pro\/autoinstalator\/wordpress1\/?page_id=311"},"modified":"2026-02-22T13:30:39","modified_gmt":"2026-02-22T12:30:39","slug":"specjalisci","status":"publish","type":"page","link":"https:\/\/zsp5gliwice.pl\/autoinstalator\/wordpress1\/specjalisci\/","title":{"rendered":"Specjali\u015bci"},"content":{"rendered":"<p style=\"text-align: center;\"><span style=\"color: #000000;\">GRAFIK KONSULTACJI SPECJALIST\u00d3W DLA RODZIC\u00d3W<\/span><\/p>\n<p><span style=\"color: #000000;\">PSYCHOLOG SZKOLNY &#8211; Marlena Ma\u017a<\/span><\/p>\n<p><span style=\"color: #000000;\"><span id=\"m_6961105063464146223gmail-docs-internal-guid-9db45ef5-7fff-1f02-3828-69aedecc4685\">poniedzia\u0142ek 15.15 &#8211; 16.00<\/span> (Sala 54)<\/span><\/p>\n<p>&nbsp;<\/p>\n<p><span id=\"m_6961105063464146223gmail-docs-internal-guid-9db45ef5-7fff-1f02-3828-69aedecc4685\" style=\"color: #000000;\">PSYCHOLOG SZKOLNY &#8211; Klaudia Nowak<\/span><\/p>\n<p><span id=\"m_6961105063464146223gmail-docs-internal-guid-9db45ef5-7fff-1f02-3828-69aedecc4685\" style=\"color: #000000;\">\u015broda 15.15 &#8211; 16.00<\/span><\/p>\n<p>&nbsp;<\/p>\n<p><span style=\"color: #000000;\">PEDAGOG SZKOLNY &#8211; Anna Szustaczy\u0144ska &#8211; Grzegorczyk<\/span><\/p>\n<p dir=\"ltr\"><span style=\"color: #000000;\">\u015broda 15.15 &#8211; 16.00<\/span><\/p>\n<p>&nbsp;<\/p>\n<p><span style=\"color: #000000;\">PEDAGOG SZKOLNY &#8211; Monika Legan<\/span><\/p>\n<p><span style=\"color: #000000;\"><span id=\"m_6961105063464146223gmail-docs-internal-guid-9db45ef5-7fff-1f02-3828-69aedecc4685\">wtorek 15.15 &#8211; 16.00<\/span> (sala 56)<\/span><\/p>\n<p>&nbsp;<\/p>\n<p><span id=\"m_6961105063464146223gmail-docs-internal-guid-9db45ef5-7fff-1f02-3828-69aedecc4685\" style=\"color: #000000;\">PEDAGOG SZKOLNY- Ma\u0142gorzata Walnik<\/span><\/p>\n<p><span id=\"m_6961105063464146223gmail-docs-internal-guid-9db45ef5-7fff-1f02-3828-69aedecc4685\" style=\"color: #000000;\">poniedzia\u0142ek 15.15 &#8211; 16.00<\/span><\/p>\n<p>&nbsp;<\/p>\n<p><span style=\"color: #000000;\">PEDAGOG SPECJALNY &#8211; Monika Smerkowska<\/span><\/p>\n<p><span style=\"color: #000000;\"><span id=\"m_6961105063464146223gmail-docs-internal-guid-9db45ef5-7fff-1f02-3828-69aedecc4685\">wtorek 8.00 &#8211; 8.45<\/span> (sala 41)<\/span><\/p>\n<p>&nbsp;<\/p>\n<p><span style=\"color: #000000;\">Bardzo prosimy, aby rodzice chc\u0105cy skorzysta\u0107 z konsultacji umawiali si\u0119 przez dziennik elektroniczny.<\/span><\/p>\n<p>&nbsp;<\/p>\n<p><span style=\"color: #000000;\">GRAFIK PRACY LOGOPEDY<\/span><\/p>\n<p><span style=\"color: #000000;\">Lilianna Cader<\/span><\/p>\n<div><span style=\"color: #000000;\">Poniedzia\u0142ek\u00a0 7.40-10.30<\/span><\/div>\n<div><span style=\"color: #000000;\">\u00a0 \u00a0 \u00a0 \u00a0 \u00a0 \u00a0 \u00a0 \u00a0 \u00a0\u00a0 \u00a0\u00a0 12.35-15.20<\/span><\/div>\n<div><span style=\"color: #000000;\">Wtorek\u00a0 \u00a0 \u00a0 \u00a0 \u00a0 \u00a010.35-15.10<\/span><\/div>\n<div><span style=\"color: #000000;\">\u015aroda\u00a0 \u00a0 \u00a0 \u00a0 \u00a0 \u00a0 \u00a09.45-14.20<\/span><\/div>\n<div><span style=\"color: #000000;\">Czwartek\u00a0 \u00a0 \u00a0\u00a0\u00a0 8.45-14.20<\/span><\/div>\n<div><span style=\"color: #000000;\">Pi\u0105tek\u00a0 \u00a0 \u00a0 \u00a0 \u00a0 \u00a0 8.00-15.10<\/span><\/div>\n<p>&nbsp;<\/p>\n<p><span style=\"color: #000000;\">Plik z informacjami o terapii logopedycznej<\/span><\/p>\n<p><span style=\"color: #000000;\"><a style=\"color: #000000;\" href=\"https:\/\/zsp5gliwice.pl\/sp1\/images\/pliki\/logopeda\/Terapia_logopedyczna.docx_artyku%C5%82.pdf\">Terapia logopedyczna w szkole podstawowej &#8211; pdf<\/a><\/span><\/p>\n<p>&nbsp;<\/p>\n<p><span style=\"color: #000000;\">GRAFIK PRACY PIEL\u0118GNIARKI<\/span><\/p>\n<p><span style=\"color: #000000;\">poniedzia\u0142ek 8.00 &#8211; 14.30<\/span><\/p>\n<p><span style=\"color: #000000;\">wtorek 8.00 &#8211; 14.30<\/span><\/p>\n<p><span style=\"color: #000000;\">\u015broda 8.00 &#8211; 13.00<\/span><\/p>\n<p><span style=\"color: #000000;\">czwartek 8.00 &#8211; 14.00<\/span><\/p>\n<p><span style=\"color: #000000;\">pi\u0105tek 8.00 &#8211; 15.00<\/span><\/p>\n","protected":false},"excerpt":{"rendered":"<p>GRAFIK KONSULTACJI SPECJALIST\u00d3W DLA RODZIC\u00d3W PSYCHOLOG SZKOLNY &#8211; Marlena Ma\u017a poniedzia\u0142ek 15.15 &#8211; 16.00 (Sala [&hellip;]<\/p>\n","protected":false},"author":1,"featured_media":0,"parent":0,"menu_order":0,"comment_status":"closed","ping_status":"closed","template":"","meta":{"two_page_speed":[],"footnotes":""},"class_list":["post-311","page","type-page","status-publish","hentry"],"_links":{"self":[{"href":"https:\/\/zsp5gliwice.pl\/autoinstalator\/wordpress1\/wp-json\/wp\/v2\/pages\/311","targetHints":{"allow":["GET"]}}],"collection":[{"href":"https:\/\/zsp5gliwice.pl\/autoinstalator\/wordpress1\/wp-json\/wp\/v2\/pages"}],"about":[{"href":"https:\/\/zsp5gliwice.pl\/autoinstalator\/wordpress1\/wp-json\/wp\/v2\/types\/page"}],"author":[{"embeddable":true,"href":"https:\/\/zsp5gliwice.pl\/autoinstalator\/wordpress1\/wp-json\/wp\/v2\/users\/1"}],"replies":[{"embeddable":true,"href":"https:\/\/zsp5gliwice.pl\/autoinstalator\/wordpress1\/wp-json\/wp\/v2\/comments?post=311"}],"version-history":[{"count":0,"href":"https:\/\/zsp5gliwice.pl\/autoinstalator\/wordpress1\/wp-json\/wp\/v2\/pages\/311\/revisions"}],"wp:attachment":[{"href":"https:\/\/zsp5gliwice.pl\/autoinstalator\/wordpress1\/wp-json\/wp\/v2\/media?parent=311"}],"curies":[{"name":"wp","href":"https:\/\/api.w.org\/{rel}","templated":true}]}}

Specjaliści

<p style="text-align: center;"><span style="color: #000000;">GRAFIK KONSULTACJI SPECJALISTÓW DLA RODZICÓW</span></p>
<p><span style="color: #000000;">PSYCHOLOG SZKOLNY &#8211; Marlena Maź</span></p>
<p><span style="color: #000000;"><span id="m_6961105063464146223gmail-docs-internal-guid-9db45ef5-7fff-1f02-3828-69aedecc4685">poniedziałek 15.15 &#8211; 16.00</span> (Sala 54)</span></p>
<p>&nbsp;</p>
<p><span id="m_6961105063464146223gmail-docs-internal-guid-9db45ef5-7fff-1f02-3828-69aedecc4685" style="color: #000000;">PSYCHOLOG SZKOLNY &#8211; Klaudia Nowak</span></p>
<p><span id="m_6961105063464146223gmail-docs-internal-guid-9db45ef5-7fff-1f02-3828-69aedecc4685" style="color: #000000;">środa 15.15 &#8211; 16.00</span></p>
<p>&nbsp;</p>
<p><span style="color: #000000;">PEDAGOG SZKOLNY &#8211; Anna Szustaczyńska &#8211; Grzegorczyk</span></p>
<p dir="ltr"><span style="color: #000000;">środa 15.15 &#8211; 16.00</span></p>
<p>&nbsp;</p>
<p><span style="color: #000000;">PEDAGOG SZKOLNY &#8211; Monika Legan</span></p>
<p><span style="color: #000000;"><span id="m_6961105063464146223gmail-docs-internal-guid-9db45ef5-7fff-1f02-3828-69aedecc4685">wtorek 15.15 &#8211; 16.00</span> (sala 56)</span></p>
<p>&nbsp;</p>
<p><span id="m_6961105063464146223gmail-docs-internal-guid-9db45ef5-7fff-1f02-3828-69aedecc4685" style="color: #000000;">PEDAGOG SZKOLNY- Małgorzata Walnik</span></p>
<p><span id="m_6961105063464146223gmail-docs-internal-guid-9db45ef5-7fff-1f02-3828-69aedecc4685" style="color: #000000;">poniedziałek 15.15 &#8211; 16.00</span></p>
<p>&nbsp;</p>
<p><span style="color: #000000;">PEDAGOG SPECJALNY &#8211; Monika Smerkowska</span></p>
<p><span style="color: #000000;"><span id="m_6961105063464146223gmail-docs-internal-guid-9db45ef5-7fff-1f02-3828-69aedecc4685">wtorek 8.00 &#8211; 8.45</span> (sala 41)</span></p>
<p>&nbsp;</p>
<p><span style="color: #000000;">Bardzo prosimy, aby rodzice chcący skorzystać z konsultacji umawiali się przez dziennik elektroniczny.</span></p>
<p>&nbsp;</p>
<p><span style="color: #000000;">GRAFIK PRACY LOGOPEDY</span></p>
<p><span style="color: #000000;">Lilianna Cader</span></p>
<div><span style="color: #000000;">Poniedziałek  7.40-10.30</span></div>
<div><span style="color: #000000;">                      12.35-15.20</span></div>
<div><span style="color: #000000;">Wtorek           10.35-15.10</span></div>
<div><span style="color: #000000;">Środa             9.45-14.20</span></div>
<div><span style="color: #000000;">Czwartek        8.45-14.20</span></div>
<div><span style="color: #000000;">Piątek            8.00-15.10</span></div>
<p>&nbsp;</p>
<p><span style="color: #000000;">Plik z informacjami o terapii logopedycznej</span></p>
<p><span style="color: #000000;"><a style="color: #000000;" href="https://zsp5gliwice.pl/sp1/images/pliki/logopeda/Terapia_logopedyczna.docx_artyku%C5%82.pdf">Terapia logopedyczna w szkole podstawowej &#8211; pdf</a></span></p>
<p>&nbsp;</p>
<p><span style="color: #000000;">GRAFIK PRACY PIELĘGNIARKI</span></p>
<p><span style="color: #000000;">poniedziałek 8.00 &#8211; 14.30</span></p>
<p><span style="color: #000000;">wtorek 8.00 &#8211; 14.30</span></p>
<p><span style="color: #000000;">środa 8.00 &#8211; 13.00</span></p>
<p><span style="color: #000000;">czwartek 8.00 &#8211; 14.00</span></p>
<p><span style="color: #000000;">piątek 8.00 &#8211; 15.00</span></p>

<p>GRAFIK KONSULTACJI SPECJALISTÓW DLA RODZICÓW PSYCHOLOG SZKOLNY &#8211; Marlena Maź poniedziałek 15.15 &#8211; 16.00 (Sala [&hellip;]</p>
