{"id":249,"date":"2024-12-17T14:37:14","date_gmt":"2024-12-17T13:37:14","guid":{"rendered":"http:\/\/hosting1939560.online.pro\/autoinstalator\/wordpress1\/?page_id=249"},"modified":"2026-02-22T13:44:26","modified_gmt":"2026-02-22T12:44:26","slug":"regulamin-zfss","status":"publish","type":"page","link":"http:\/\/zsp5gliwice.pl\/autoinstalator\/wordpress1\/regulamin-zfss\/","title":{"rendered":"Regulamin ZF\u015a\u015a"},"content":{"rendered":"<p><span style=\"color: #000000;\"><a style=\"color: #000000;\" href=\"http:\/\/hosting1939560.online.pro\/autoinstalator\/wordpress1\/wp-content\/uploads\/2025\/01\/REGULAMIN-ZFSS.pdf\">Regulamin Zak\u0142adowego Funduszu \u015awiadcze\u0144 Socjalnych w Zespole Szkolno-Przedszkolnym nr 5 w Gliwicach &#8211; pdf<\/a><\/span><\/p>\n<p><span style=\"color: #000000;\"><a style=\"color: #000000;\" href=\"http:\/\/hosting1939560.online.pro\/autoinstalator\/wordpress1\/wp-content\/uploads\/2025\/01\/ZALACZNIK-NR-1-DO-REGULAMINU-ZFSS.pdf\">Za\u0142\u0105cznik nr 1<\/a><\/span><\/p>\n<p><span style=\"color: #000000;\"><a style=\"color: #000000;\" href=\"http:\/\/hosting1939560.online.pro\/autoinstalator\/wordpress1\/wp-content\/uploads\/2025\/01\/ZALACZNIK-NR-2-DO-REGULAMINU-ZFSS.pdf\">Za\u0142\u0105cznik nr 2<\/a><\/span><\/p>\n<p><span style=\"color: #000000;\"><a style=\"color: #000000;\" href=\"http:\/\/hosting1939560.online.pro\/autoinstalator\/wordpress1\/wp-content\/uploads\/2025\/01\/ZALACZNIK-NR-3-DO-REGULAMINU-ZFSS.pdf\">Za\u0142\u0105cznik nr 3<\/a><\/span><\/p>\n<p><span style=\"color: #000000;\"><a style=\"color: #000000;\" href=\"http:\/\/hosting1939560.online.pro\/autoinstalator\/wordpress1\/wp-content\/uploads\/2025\/01\/ZALACZNIK-NR-4-DO-REGULAIMNI-ZFsS.pdf\">Za\u0142\u0105cznik nr 4<\/a><\/span><\/p>\n<p><span style=\"color: #000000;\"><a style=\"color: #000000;\" href=\"http:\/\/hosting1939560.online.pro\/autoinstalator\/wordpress1\/wp-content\/uploads\/2025\/01\/ZALACZNIK-NR-5-DO-REGULAMINU-ZFSS.pdf\">Za\u0142\u0105cznik nr 5<\/a><\/span><\/p>\n<p><span style=\"color: #000000;\"><a style=\"color: #000000;\" href=\"http:\/\/hosting1939560.online.pro\/autoinstalator\/wordpress1\/wp-content\/uploads\/2025\/01\/ZALACZNIK-NR-6-DO-REGULAMINU-ZFSS.pdf\">Za\u0142\u0105cznik nr 6<\/a><\/span><\/p>\n<p><span style=\"color: #000000;\"><a style=\"color: #000000;\" href=\"http:\/\/hosting1939560.online.pro\/autoinstalator\/wordpress1\/wp-content\/uploads\/2025\/01\/ZALACZNIK-NR-7-DO-REGULAMINU-ZFSS.pdf\">Za\u0142\u0105cznik nr 7<\/a><\/span><\/p>\n<p><span style=\"color: #000000;\"><a style=\"color: #000000;\" href=\"http:\/\/hosting1939560.online.pro\/autoinstalator\/wordpress1\/wp-content\/uploads\/2025\/01\/AneksZFSS202405211226.pdf\">Aneks nr 1<\/a><\/span><\/p>\n<p>&nbsp;<\/p>\n","protected":false},"excerpt":{"rendered":"<p>Regulamin Zak\u0142adowego Funduszu \u015awiadcze\u0144 Socjalnych w Zespole Szkolno-Przedszkolnym nr 5 w Gliwicach &#8211; pdf Za\u0142\u0105cznik [&hellip;]<\/p>\n","protected":false},"author":1,"featured_media":0,"parent":0,"menu_order":0,"comment_status":"closed","ping_status":"closed","template":"","meta":{"two_page_speed":[],"footnotes":""},"class_list":["post-249","page","type-page","status-publish","hentry"],"_links":{"self":[{"href":"http:\/\/zsp5gliwice.pl\/autoinstalator\/wordpress1\/wp-json\/wp\/v2\/pages\/249","targetHints":{"allow":["GET"]}}],"collection":[{"href":"http:\/\/zsp5gliwice.pl\/autoinstalator\/wordpress1\/wp-json\/wp\/v2\/pages"}],"about":[{"href":"http:\/\/zsp5gliwice.pl\/autoinstalator\/wordpress1\/wp-json\/wp\/v2\/types\/page"}],"author":[{"embeddable":true,"href":"http:\/\/zsp5gliwice.pl\/autoinstalator\/wordpress1\/wp-json\/wp\/v2\/users\/1"}],"replies":[{"embeddable":true,"href":"http:\/\/zsp5gliwice.pl\/autoinstalator\/wordpress1\/wp-json\/wp\/v2\/comments?post=249"}],"version-history":[{"count":0,"href":"http:\/\/zsp5gliwice.pl\/autoinstalator\/wordpress1\/wp-json\/wp\/v2\/pages\/249\/revisions"}],"wp:attachment":[{"href":"http:\/\/zsp5gliwice.pl\/autoinstalator\/wordpress1\/wp-json\/wp\/v2\/media?parent=249"}],"curies":[{"name":"wp","href":"https:\/\/api.w.org\/{rel}","templated":true}]}}