{"id":219,"date":"2024-12-17T13:59:11","date_gmt":"2024-12-17T12:59:11","guid":{"rendered":"http:\/\/hosting1939560.online.pro\/autoinstalator\/wordpress1\/?page_id=219"},"modified":"2024-12-17T14:09:58","modified_gmt":"2024-12-17T13:09:58","slug":"rodo","status":"publish","type":"page","link":"http:\/\/zsp5gliwice.pl\/autoinstalator\/wordpress1\/rodo\/","title":{"rendered":"RODO"},"content":{"rendered":"<p>&nbsp;<\/p>\n<p><span style=\"color: #800000;\"><a style=\"color: #800000;\" href=\"http:\/\/hosting1939560.online.pro\/autoinstalator\/wordpress1\/wp-content\/uploads\/2024\/12\/obowiazek_informacyjny_ogolny_2022.pdf\">Klauzula informacyjna &#8211; pdf<\/a><\/span><\/p>\n<p><span style=\"color: #800000;\"><a style=\"color: #800000;\" href=\"http:\/\/hosting1939560.online.pro\/autoinstalator\/wordpress1\/wp-content\/uploads\/2024\/12\/Klauzula_inf_zdalne_nauczanie.pdf\">Klauzula informacyjna &#8211; nauczanie zdalne &#8211; pdf<\/a><\/span><\/p>\n<p><span style=\"color: #800000;\"><a style=\"color: #800000;\" href=\"http:\/\/hosting1939560.online.pro\/autoinstalator\/wordpress1\/wp-content\/uploads\/2024\/12\/obowiazek_obowiazek_-_monitoring_III.3_2019.pdf\">Obowi\u0105zek informacyjny &#8211; monitoring &#8211; pdf<\/a><\/span><\/p>\n<p><span style=\"color: #000000;\">Inspektorem Ochrony Danych w plac\u00f3wce jest: Pani Anna R\u0119bisz, z kt\u00f3rym mo\u017ce si\u0119 Pani\/Pan kontaktowa\u0107:<\/span><\/p>\n<ul>\n<li><span style=\"color: #000000;\">pisz\u0105c na adres korespondencyjny: Zesp\u00f3\u0142 Szkolno-Przedszkolny nr 5, 44-100 Gliwice, ul. Kozielska 39<\/span><\/li>\n<li><span style=\"color: #000000;\">pisz\u0105c na adres email: sekretariat@zsp5.gliwice.eu<\/span><\/li>\n<li><span style=\"color: #000000;\">telefonicznie pod numerem: 32 237 99 50 lub 32 237 94 15<\/span><\/li>\n<\/ul>\n","protected":false},"excerpt":{"rendered":"<p>&nbsp; Klauzula informacyjna &#8211; pdf Klauzula informacyjna &#8211; nauczanie zdalne &#8211; pdf Obowi\u0105zek informacyjny &#8211; [&hellip;]<\/p>\n","protected":false},"author":1,"featured_media":228,"parent":0,"menu_order":0,"comment_status":"closed","ping_status":"closed","template":"","meta":{"two_page_speed":[],"footnotes":""},"class_list":["post-219","page","type-page","status-publish","has-post-thumbnail","hentry"],"_links":{"self":[{"href":"http:\/\/zsp5gliwice.pl\/autoinstalator\/wordpress1\/wp-json\/wp\/v2\/pages\/219","targetHints":{"allow":["GET"]}}],"collection":[{"href":"http:\/\/zsp5gliwice.pl\/autoinstalator\/wordpress1\/wp-json\/wp\/v2\/pages"}],"about":[{"href":"http:\/\/zsp5gliwice.pl\/autoinstalator\/wordpress1\/wp-json\/wp\/v2\/types\/page"}],"author":[{"embeddable":true,"href":"http:\/\/zsp5gliwice.pl\/autoinstalator\/wordpress1\/wp-json\/wp\/v2\/users\/1"}],"replies":[{"embeddable":true,"href":"http:\/\/zsp5gliwice.pl\/autoinstalator\/wordpress1\/wp-json\/wp\/v2\/comments?post=219"}],"version-history":[{"count":0,"href":"http:\/\/zsp5gliwice.pl\/autoinstalator\/wordpress1\/wp-json\/wp\/v2\/pages\/219\/revisions"}],"wp:featuredmedia":[{"embeddable":true,"href":"http:\/\/zsp5gliwice.pl\/autoinstalator\/wordpress1\/wp-json\/wp\/v2\/media\/228"}],"wp:attachment":[{"href":"http:\/\/zsp5gliwice.pl\/autoinstalator\/wordpress1\/wp-json\/wp\/v2\/media?parent=219"}],"curies":[{"name":"wp","href":"https:\/\/api.w.org\/{rel}","templated":true}]}}